e 19 - (8 + 4 - (-69 - 3)).
-65
-39 + (-1 - -1) - (783 + -802)
-20
What is the value of (-61 - -61 - (2 - (1 - 5)) - -2) + 40?
36
Evaluate (15 - 17) + -43 - (18 + 12 - 17).
-58
Calculate -5 + -11 + 4 - (50 - -1).
-63
Calculate 4 + (32 - (0 + (1 - -6)) - (52 - 62)).
39
Evaluate -60 - (-83 - -18) - -59.
64
Calculate (3 - 25) + (168 - 129) + 26.
43
Evaluate 49 + -30 + 14 + -22 - -29.
40
Calculate -45 + (250 - 125) + -46.
34
Evaluate 13 + -101 + 193 + -83.
22
What is the value of -1 - -48 - (-6880 - -6917)?
10
Calculate ((11 - 8) + 3 - 8) + 0 + 21 + -9.
10
Evaluate (-10 - (0 + 1)) + 30 + 20 + -33 + -8.
-2
What is 35 - (31 + -34 - 4 - -15)?
27
Calculate (-25 - (3 + 2)) + (313 - 342).
-59
Evaluate 48 + 42 + -38 + -25.
27
What is -24 - (19 - (21 - (-12 + 0)))?
-10
What is -3 - 8 - (2 + -17 - -28 - 2)?
-22
What is (29 - (4 + -18)) + (-6 + -6 - -5)?
36
What is the value of (0 - -16 - (-415 - -415)) + 0?
16
What is (207 - 223 - (-11 + 0)) + -12?
-17
Calculate -69 + 106 + 2 + -77.
-38
Calculate (11712 - 11694) + (-2 - 74).
-58
What is the value of -78 + 8 + -60 - -60?
-70
-1 - -2 - 1 - ((36 - 47) + 30 + 46)
-65
Evaluate (-36 - -8 - -23) + 21 - -72.
88
Evaluate (9 - 5 - 23) + 45 + -76 + -61.
-111
Evaluate (-12 - -13) + -10 - (-17 + -11 + -11).
30
What is 5 + 0 + 33957 + -33932?
30
What is the value of 9 + 24 + -9 + -32 + (24 - 1)?
15
Calculate -27 - (11 + -19 + -15 + 28).
-32
Calculate (2 - 14) + -6 + 24 + 14 + (7 - 36).
-9
Evaluate (0 - -39 - (-11 - (9 + -14))) + -3.
42
Calculate (-6 - (-10 + 13 - 25)) + -47.
-31
What is the value of 59 + -63 + -80 - -139?
55
Evaluate 22 - (64 - (47 - 12)).
-7
Calculate 21 - ((-1 - (15 - (32 + -14))) + 6).
13
Calculate (-5 - (32 + -39)) + 40.
42
(-3 - 0) + (16 - (13 - 10)) + 100 + -36
74
What is -386 + 303 - (-4 + 1)?
-80
What is the value of -5 + (40 - -29) - (-3 - -4)?
63
Calculate -13 - (17 - (31 + -11) - (-38 - -11)).
-37
Evaluate (3 + (1 - 1) - 2) + 177 + -60 + -119.
-1
Calculate -15 + (-7 - -5 - 29 - 72).
-118
-36 + 14 + -6 + 28 - 11
-11
Calculate (-22 + 43 - -1) + -16 - -40.
46
Evaluate 36 + (-3 - 10) - (-14 - -15).
22
What is -133 + (164 - 118) + 59?
-28
5 - -14 - -2 - -12
33
What is (62 + (20 - 44) - (0 + -2)) + -12 - 13?
15
Evaluate 196 + (-51 - 89) - -4.
60
Evaluate 4 + 17 + -49 + 24 + 13 + 2.
11
Calculate -3 + -2 + (13 - (12 + -6) - 4 - -2).
0
154 + -176 - (-104 - (-1 - 2))
79
What is the value of 33 + (-248 - -253 - (0 - 27))?
65
(-1 - (22 + 1)) + 1114 + -1102 + 37
25
51 + (-16 + 21 - 1 - (2 + 2 + -5))
56
What is the value of -59 - ((105 - 179) + 160)?
-145
What is 7 - 8 - ((-179 - -16) + 11 - -1)?
150
Evaluate (46 - (39 + -55)) + -34 + 5.
33
What is 1 + 0 + 526 + -535 - (-26 - 1)?
19
Evaluate -1 + -45 - (-2106 + 2065).
-5
Calculate (-511 + 529 - (0 - 0 - 2)) + 46.
66
-8 + 68 + -17 + -36
7
Calculate (-94 - -96 - (-1 + 14)) + (1 - 9).
-19
4 - ((2 - 13) + (11 - 4)) - -2 - -65
75
-6 - (-2 + -2) - (-931 + 944) - -98
83
Calculate 4 + (-22 - (122 - 55)).
-85
82 + (-5 - 7) + -162 + 160
68
What is the value of 0 - -12 - (79 - 54)?
-13
(0 - 4) + (14 + 2 - (-11 - (-3 + -35)))
-15
What is -24 - ((37 - -5) + -61) - 72?
-77
What is the value of -34 + (-135 - -167) + (3 - 21) + (0 - 11)?
-31
What is ((6 - -8) + -60 - 15) + 28?
-33
What is (2 - ((19 - -22) + -13)) + (-3 - -3 - 10)?
-36
What is -31 - (((-3 - -5) + -3 - 4) + 0 - -1)?
-27
Calculate -2 + 0 + 18 + -10812 + 10874.
78
What is 4 + 14 + -39 + -14 + 43 + (114 - 0)?
122
What is 37 + -1 + 0 - (367 - 368)?
37
(26 - 4) + -32 + (12 - 0)
2
-811 + 756 - (-10 - 18)
-27
(120 + -101 - (-4 - 1 - 5)) + 2 + 5
36
What is the value of (-2 - (-2 + 2)) + 1 + 2044 + -2046?
-3
What is the value of 9 + (15 - 3 - 27) - 4?
-10
16 + 6 + (9 - -8) - (8 + 2)
29
What is -2 - 59 - (-37 + 8 + 36)?
-68
What is the value of -26 + 19 + 9 + 6 - (20 - -1)?
-13
What is (-25 - 0 - -16) + -31?
-40
What is the value of 4 + (-7 - (-1 - 7 - 17)) + -10 + 1?
13
9 + (2 - 11) + 140 + (8 - (1 + 5))
142
What is -6 + (16 - (-18 + (9 - 2) + 14))?
7
Evaluate (30 + 3 - (-76 - -17)) + -45.
47
What is 0 + 30 - (-11099 + 11118)?
11
1 + (-7 - -1 - (11 + -8) - 14)
-22
Calculate (56 - (-23 + 17) - (-4 - 0)) + -12 + 11.
65
Calculate -146 + 138 - (-60 - (2 + -6 + (-5 - -3))).
46
0 - 11 - (-10 + (-7 - 25) + -3)
34
-73 - (-65 + 83 + -38)
-53
Calculate -229 - -207 - (-4 + (-4 - 35)).
21
Calculate -53 - 4 - (-544 + 588).
-101
Evaluate -24 + -107 - 46 - -93.
-84
What is (-26 - -26 - (4 - 1 - (28 + -22))) + -56?
-53
What is the value of (42 - -18) + -62 - (-3 - 78)?
79
Evaluate -2 - (8 + 1) - (401 - 411) - 16.
-17
What is the value of 36 + (-10 - 8 - 0) - 1 - 79?
-62
What is the value of (45 - 1) + 0 - (64688 + -64710)?
66
Evaluate -65 + 76 - 4 - -66.
73
What is the value of -38 - 1 - (-19 + 8 + (-26 - -1) + 39)?
-42
What is (9 - (6 + 2)) + -8 - (61 + (-16 - -5))?
-57
Calculate 17 - (-14 - (-47 - -15)).
-1
What is the value of -634 + 835 - (147 + -11)?
65
Calculate 38 + (176 - 176 - (-6 + 3)).
41
What is the value of (151 - (-123 - -386)) + 65?
-47
(-158 - -71) + 96 + -58 + -1
-50
Calculate (-11 + 15 - -41) + -26 + -23.
-4
Calculate 26 - (16 - (-82 - -53)).
-19
Calculate (48 - 45) + (-12 - -1) - (7 + (-2 - 88)).
75
What is (-36 - 19) + 25 - (37 - 1)?
-66
-18 - ((15 - -97) + 7 + -20)
-117
Evaluate (655 - 655) + (4 - -1) + 32.
37
What is the value of -6 + ((-5 - -3) + -4 - (88 - 87)) + -6?
-19
1 - (14 - (33 + -23) - (-48 - (-2 - 4)))
-45
What is (-15 - -15) + 2 - (-30 + 1 + 20 + -11)?
22
Evaluate -72 + 93 - (19 - -73).
-71
What is the value of (9 - (18 + -6) - -22) + -13 + 16?
22
Evaluate -19 + -1 - (-20 + 71 + -30).
-41
Calculate 2015 + -1969 + (-127 - -7).
-74
Calculate (5 - -32 - (6 - 0)) + -2 + 11 + 4.
44
What is 4 + (-13 - -3) + (-3 - -17) + -11 - 50?
-53
What is (5 - 8 - 55) + -7 + 9 + (-23 - -24)?
-55
Evaluate -54 + 80 + (-33 - 22).
-29
Evaluate 0 + 23 + -17 - (-3 - (-12 - (10 - 5))).
-8
What is (-23 - -2) + ((-1 - -1) + -5 - (-1266 - -1262))?
-22
(29 + -1 - -1) + (0 - ((-5 - 69) + 63))
40
What is the value of (9 - 4 - (4 - 1)) + 0 - (-691 + 643)?
50
What is -22 + -100 + 121 + (-39 - 4)?
-44
Evaluate (-6 - -13) + -2 + -57 + 8 + -1 + 7.
-38
What is 8 - ((-80 - -45) + 18 - -12)?
13
What is 0 + -24 - (-12 + 68 + -37 - 26)?
-17
What is (-8 - 96) + -2 + 11 + -19 + 22?
-92
What is (-14747 - -14827) + (-2 - 0) + (1 - -16)?
95
What is 31 - (-6 - -10 - (0 - 7)) - 48?
-28
Evaluate 5 - (4 - ((0 + 4 - (22 + -14)) + 0)).
-3
Calculate 36 + 21 + -75 + (62 - -6) + 1.
51
Evaluate (4 - 12) + (-17 - 5 - 83) - -16.
-97
What is the value of 9 + 2 - (-45 - 1 - (-74 + 31 - -44))?
58
32 + -40 - (-1 + -3 + 8 + -6)
-6
What is the value of 40 + (-42 - -63 - 43)?
18
Evaluate -61 + (-5 - ((-53 - -65) + (0 - 21))).
-57
What is -75 - (25 + -39 + 0) - -23?
-38
What is 36 + -115 + (187 - 56)?
52
Calculate 5 + -1 - (-41 - (22 - 71)).
-4
Calculate 43 + 0 + 2 + (-34 - 15) + 39.
35
What is the value of 21 + -31 + 10 - -19 - 38?
-19
What is the value of -14 + -2 - (-1780 + 1762)?
2
Evaluate (19 - -1) + -13 + (9 - -28) + -5.
39
Calculate (-5 - -42) + -8 + -11 + 36.
54
Calculate 42 + 72 + -160 + (1 - 18).
-63
Calculate 134 + -9 - 207 - 21.
-103
What is -537 + 627 + 39 + 1?
130
What is 14 + 64 + -26 + 6 - 16?
42
Evaluate (89 + -22 - -3) + -76.
-6
24 - (-14 - -51) - (2 + -10) - 41
-46
Calculate -18 - ((23 - 29) + -6).
-6
Calculate -11 + (3 - -13) - (69 + 0 - (-49 - -46)).
-67
Evaluate -47 - (-75 - -30) - -4.
2
-13 - 24 - -15 - (8 + 9)
-39
Evaluate 490 - 493 - (-6 - -4 - 0 - 24).
23
Evaluate 2 - 1 - (22 + -8 - (-5 - (-4 - 18))).
4
30 + -15 - 17 - -20 - (1 + 33)
-16
Evaluate (-6 - -10 - (-93 - -63)) + 9.
43
-36 + 78 + -56 + 60
46
What is the value of 3 + -1 + (123 + -127 - (-2 - (22 + 2)))?
24
Calculate -1 + -27 - (-14 + (-27 + 45 - (13 - -2))).
-17
What is -102 + (-22 - 50 - -283)?
109
What is the value of 67 - (19 - 15) - -8 - (-3 - 1)?
75
What is (-4 - (-16 + 14)) + 29 + -26?
1
9 + -17 + -4 - 61 - (-25 + 16)
-64
Evaluate 647 + -563 - (40 + 2).
42
(69 + -45 - -12) + 12
48
What is the value of -65 - 1 - (20431 - 20612)?
115
18 + -30 + (5 - -13) + 8 - -25
39
What is (10 - (5 + 9) - -15) + 18?
29
Evaluate 20 + (71 + -78 - (-27 + 2)).
38
What is -1118 - -1169 - (-1 + -56)?
108
What is (92 + -193 - -12) + 46?
-43
Calculate -55 - ((-48 - -1) + -56).
48
What is the v